{"id":4895,"date":"2019-04-15T22:35:51","date_gmt":"2019-04-16T01:35:51","guid":{"rendered":"https:\/\/logicomex.com.br\/?page_id=4895"},"modified":"2019-09-10T15:29:17","modified_gmt":"2019-09-10T18:29:17","slug":"politica-qualidade","status":"publish","type":"page","link":"https:\/\/logicomex.com.br\/index.php\/politica-qualidade\/","title":{"rendered":"Pol\u00edtica de Qualidade"},"content":{"rendered":"<p>[vc_row][vc_column width=&#8221;1\/5&#8243;][\/vc_column][vc_column width=&#8221;3\/5&#8243;][vc_column_text]<\/p>\n<p style=\"text-align: justify;\">N\u00f3s, da Logicomex, assumimos o compromisso de prestar servi\u00e7os de despacho aduaneiro na importa\u00e7\u00e3o e exporta\u00e7\u00e3o assim como servi\u00e7os de agenciamento de cargas internacionais, com efici\u00eancia e cont\u00ednua melhoria, com base no aprimoramento de nosso conhecimento t\u00e9cnico e no estrito atendimento \u00e0s legisla\u00e7\u00f5es pertinentes e aos compromissos assumidos com os nossos clientes.<\/p>\n<p>[\/vc_column_text][\/vc_column][vc_column width=&#8221;1\/5&#8243;][\/vc_column][\/vc_row]<\/p>\n","protected":false},"excerpt":{"rendered":"<p>[vc_row][vc_column width=&#8221;1\/5&#8243;][\/vc_column][vc_column width=&#8221;3\/5&#8243;][vc_column_text] N\u00f3s, da Logicomex, assumimos o compromisso de prestar servi\u00e7os de despacho aduaneiro na importa\u00e7\u00e3o e exporta\u00e7\u00e3o assim como servi\u00e7os de agenciamento de cargas internacionais, com efici\u00eancia e cont\u00ednua melhoria, com base no aprimoramento de nosso conhecimento t\u00e9cnico e no estrito atendimento \u00e0s legisla\u00e7\u00f5es pertinentes e aos compromissos assumidos com os nossos clientes. [\/vc_column_text][\/vc_column][vc_column width=&#8221;1\/5&#8243;][\/vc_column][\/vc_row]<\/p>\n","protected":false},"author":1,"featured_media":0,"parent":0,"menu_order":0,"comment_status":"closed","ping_status":"closed","template":"","meta":{"footnotes":""},"class_list":["post-4895","page","type-page","status-publish","hentry"],"_links":{"self":[{"href":"https:\/\/logicomex.com.br\/index.php\/wp-json\/wp\/v2\/pages\/4895","targetHints":{"allow":["GET"]}}],"collection":[{"href":"https:\/\/logicomex.com.br\/index.php\/wp-json\/wp\/v2\/pages"}],"about":[{"href":"https:\/\/logicomex.com.br\/index.php\/wp-json\/wp\/v2\/types\/page"}],"author":[{"embeddable":true,"href":"https:\/\/logicomex.com.br\/index.php\/wp-json\/wp\/v2\/users\/1"}],"replies":[{"embeddable":true,"href":"https:\/\/logicomex.com.br\/index.php\/wp-json\/wp\/v2\/comments?post=4895"}],"version-history":[{"count":3,"href":"https:\/\/logicomex.com.br\/index.php\/wp-json\/wp\/v2\/pages\/4895\/revisions"}],"predecessor-version":[{"id":5308,"href":"https:\/\/logicomex.com.br\/index.php\/wp-json\/wp\/v2\/pages\/4895\/revisions\/5308"}],"wp:attachment":[{"href":"https:\/\/logicomex.com.br\/index.php\/wp-json\/wp\/v2\/media?parent=4895"}],"curies":[{"name":"wp","href":"https:\/\/api.w.org\/{rel}","templated":true}]}}